{"id":50,"date":"2023-04-14T13:31:26","date_gmt":"2023-04-14T11:31:26","guid":{"rendered":"https:\/\/localhost\/wp-bm-logistik824\/?page_id=50"},"modified":"2023-10-15T13:32:51","modified_gmt":"2023-10-15T11:32:51","slug":"fotogalerie-europapark","status":"publish","type":"page","link":"https:\/\/www.bm-logistik.ch\/?page_id=50","title":{"rendered":"Rafting"},"content":{"rendered":"<section class=\"l-section wpb_row height_medium\"><div class=\"l-section-h i-cf\"><div class=\"g-cols vc_row via_grid cols_1 laptops-cols_inherit tablets-cols_inherit mobiles-cols_1 valign_top type_default stacking_default\"><div class=\"wpb_column vc_column_container\"><div class=\"vc_column-inner\"><h3 class=\"w-post-elm post_title entry-title color_link_inherit\">Rafting<\/h3><section class=\"l-section wpb_row us_custom_edf2c04e height_medium\"><div class=\"l-section-h i-cf\"><div class=\"g-cols vc_row via_grid cols_1 laptops-cols_inherit tablets-cols_inherit mobiles-cols_1 valign_top type_default stacking_default\"><div class=\"wpb_column vc_column_container us_custom_057801f8 has_bg_color\"><div class=\"vc_column-inner\"><nav class=\"w-menu us_custom_76985dcc layout_hor style_links us_menu_1\" style=\"--main-gap:1.5rem;--main-ver-indent:0.8em;--main-hor-indent:0.8em;--main-color:inherit;--main-hover-color:var(--color-header-top-text-hover);--main-active-color:var(--color-header-middle-text-hover);\"><ul id=\"menu-events\" class=\"menu\"><li id=\"menu-item-414\" class=\"menu-item menu-item-type-post_type menu-item-object-page menu-item-414\"><a href=\"https:\/\/www.bm-logistik.ch\/?page_id=411\">Fahrerschulung<\/a><\/li><li id=\"menu-item-319\" class=\"menu-item menu-item-type-post_type menu-item-object-page menu-item-319\"><a href=\"https:\/\/www.bm-logistik.ch\/?page_id=266\">Partner-Kundenbesuch<\/a><\/li><li id=\"menu-item-318\" class=\"menu-item menu-item-type-post_type menu-item-object-page menu-item-318\"><a href=\"https:\/\/www.bm-logistik.ch\/?page_id=131\">Europapark<\/a><\/li><li id=\"menu-item-317\" class=\"menu-item menu-item-type-post_type menu-item-object-page menu-item-317\"><a href=\"https:\/\/www.bm-logistik.ch\/?page_id=50\">Rafting<\/a><\/li><\/ul><style>@media ( max-width:600px ){.us_menu_1 .menu{display:block!important}.us_menu_1 .menu>li{margin:0 0 var(--main-gap,1.5rem)!important}}<\/style><\/nav><\/div><\/div><\/div><\/div><\/section>\n<div class=\"wpb_text_column\"><div class=\"wpb_wrapper\"><h5>Rafting Ausflug anl\u00e4sslich unseres 10-j\u00e4hrigen Firmenjubil\u00e4ums &#8211; <time datetime=\"2021-06-12T08:51:51+00:00\"> 12. Juni 2021 <\/time><\/h5>\n<\/div><\/div><div class=\"w-grid type_masonry layout_gallery_default cols_5 with_isotope with_css_animation\" id=\"us_grid_1\" style=\"--columns:5;--gap:0.8rem;\" data-filterable=\"true\"><style>@media (max-width:1380px){#us_grid_1{--columns:3!important}}@media (max-width:1024px){#us_grid_1{--columns:2!important}}@media (max-width:600px){#us_grid_1{--columns:1!important}}.layout_gallery_default .w-grid-item-h{}<\/style><div class=\"w-grid-list\">\t<article class=\"w-grid-item us_animate_aft off_autostart post-224 attachment type-attachment status-inherit hentry\" data-id=\"224\" style=\"animation-delay:0s\">\r\n\t\t<div class=\"w-grid-item-h\">\r\n\t\t\t\t\t\t\t<a ref=\"magnificPopupGrid\" href=\"https:\/\/www.bm-logistik.ch\/wp-content\/uploads\/2023\/04\/DSC_7197bk.jpg\" class=\"w-grid-item-anchor\" aria-label=\"DSC_7197bk\"><\/a>\r\n\t\t\t\t\t\t<div class=\"w-post-elm post_image usg_post_image_1 stretched\"><img loading=\"lazy\" decoding=\"async\" width=\"991\" height=\"660\" src=\"https:\/\/www.bm-logistik.ch\/wp-content\/uploads\/2023\/04\/DSC_7197bk.jpg\" class=\"attachment-large size-large\" alt=\"\" \/><\/div>\t\t<\/div>\r\n\t\t\t<\/article>\r\n\t<article class=\"w-grid-item us_animate_aft off_autostart post-225 attachment type-attachment status-inherit hentry\" data-id=\"225\" style=\"animation-delay:0.1s\">\r\n\t\t<div class=\"w-grid-item-h\">\r\n\t\t\t\t\t\t\t<a ref=\"magnificPopupGrid\" href=\"https:\/\/www.bm-logistik.ch\/wp-content\/uploads\/2023\/04\/DSC_7207bk.jpg\" class=\"w-grid-item-anchor\" aria-label=\"DSC_7207bk\"><\/a>\r\n\t\t\t\t\t\t<div class=\"w-post-elm post_image usg_post_image_1 stretched\"><img loading=\"lazy\" decoding=\"async\" width=\"991\" height=\"660\" src=\"https:\/\/www.bm-logistik.ch\/wp-content\/uploads\/2023\/04\/DSC_7207bk.jpg\" class=\"attachment-large size-large\" alt=\"\" \/><\/div>\t\t<\/div>\r\n\t\t\t<\/article>\r\n\t<article class=\"w-grid-item us_animate_aft off_autostart post-226 attachment type-attachment status-inherit hentry\" data-id=\"226\" style=\"animation-delay:0.2s\">\r\n\t\t<div class=\"w-grid-item-h\">\r\n\t\t\t\t\t\t\t<a ref=\"magnificPopupGrid\" href=\"https:\/\/www.bm-logistik.ch\/wp-content\/uploads\/2023\/04\/DSC_7209bk.jpg\" class=\"w-grid-item-anchor\" aria-label=\"DSC_7209bk\"><\/a>\r\n\t\t\t\t\t\t<div class=\"w-post-elm post_image usg_post_image_1 stretched\"><img loading=\"lazy\" decoding=\"async\" width=\"991\" height=\"660\" src=\"https:\/\/www.bm-logistik.ch\/wp-content\/uploads\/2023\/04\/DSC_7209bk.jpg\" class=\"attachment-large size-large\" alt=\"\" \/><\/div>\t\t<\/div>\r\n\t\t\t<\/article>\r\n\t<article class=\"w-grid-item us_animate_aft off_autostart post-227 attachment type-attachment status-inherit hentry\" data-id=\"227\" style=\"animation-delay:0.3s\">\r\n\t\t<div class=\"w-grid-item-h\">\r\n\t\t\t\t\t\t\t<a ref=\"magnificPopupGrid\" href=\"https:\/\/www.bm-logistik.ch\/wp-content\/uploads\/2023\/04\/DSC_7212bk.jpg\" class=\"w-grid-item-anchor\" aria-label=\"DSC_7212bk\"><\/a>\r\n\t\t\t\t\t\t<div class=\"w-post-elm post_image usg_post_image_1 stretched\"><img loading=\"lazy\" decoding=\"async\" width=\"991\" height=\"660\" src=\"https:\/\/www.bm-logistik.ch\/wp-content\/uploads\/2023\/04\/DSC_7212bk.jpg\" class=\"attachment-large size-large\" alt=\"\" \/><\/div>\t\t<\/div>\r\n\t\t\t<\/article>\r\n\t<article class=\"w-grid-item us_animate_aft off_autostart post-228 attachment type-attachment status-inherit hentry\" data-id=\"228\" style=\"animation-delay:0.4s\">\r\n\t\t<div class=\"w-grid-item-h\">\r\n\t\t\t\t\t\t\t<a ref=\"magnificPopupGrid\" href=\"https:\/\/www.bm-logistik.ch\/wp-content\/uploads\/2023\/04\/DSC_7222bk.jpg\" class=\"w-grid-item-anchor\" aria-label=\"DSC_7222bk\"><\/a>\r\n\t\t\t\t\t\t<div class=\"w-post-elm post_image usg_post_image_1 stretched\"><img loading=\"lazy\" decoding=\"async\" width=\"991\" height=\"660\" src=\"https:\/\/www.bm-logistik.ch\/wp-content\/uploads\/2023\/04\/DSC_7222bk.jpg\" class=\"attachment-large size-large\" alt=\"\" \/><\/div>\t\t<\/div>\r\n\t\t\t<\/article>\r\n\t<article class=\"w-grid-item us_animate_aft off_autostart post-229 attachment type-attachment status-inherit hentry\" data-id=\"229\" style=\"animation-delay:0.5s\">\r\n\t\t<div class=\"w-grid-item-h\">\r\n\t\t\t\t\t\t\t<a ref=\"magnificPopupGrid\" href=\"https:\/\/www.bm-logistik.ch\/wp-content\/uploads\/2023\/04\/DSC_7224bk.jpg\" class=\"w-grid-item-anchor\" aria-label=\"DSC_7224bk\"><\/a>\r\n\t\t\t\t\t\t<div class=\"w-post-elm post_image usg_post_image_1 stretched\"><img loading=\"lazy\" decoding=\"async\" width=\"991\" height=\"660\" src=\"https:\/\/www.bm-logistik.ch\/wp-content\/uploads\/2023\/04\/DSC_7224bk.jpg\" class=\"attachment-large size-large\" alt=\"\" \/><\/div>\t\t<\/div>\r\n\t\t\t<\/article>\r\n\t<article class=\"w-grid-item us_animate_aft off_autostart post-230 attachment type-attachment status-inherit hentry\" data-id=\"230\" style=\"animation-delay:0.6s\">\r\n\t\t<div class=\"w-grid-item-h\">\r\n\t\t\t\t\t\t\t<a ref=\"magnificPopupGrid\" href=\"https:\/\/www.bm-logistik.ch\/wp-content\/uploads\/2023\/04\/DSC_7232bk.jpg\" class=\"w-grid-item-anchor\" aria-label=\"DSC_7232bk\"><\/a>\r\n\t\t\t\t\t\t<div class=\"w-post-elm post_image usg_post_image_1 stretched\"><img loading=\"lazy\" decoding=\"async\" width=\"991\" height=\"660\" src=\"https:\/\/www.bm-logistik.ch\/wp-content\/uploads\/2023\/04\/DSC_7232bk.jpg\" class=\"attachment-large size-large\" alt=\"\" \/><\/div>\t\t<\/div>\r\n\t\t\t<\/article>\r\n\t<article class=\"w-grid-item us_animate_aft off_autostart post-231 attachment type-attachment status-inherit hentry\" data-id=\"231\" style=\"animation-delay:0.7s\">\r\n\t\t<div class=\"w-grid-item-h\">\r\n\t\t\t\t\t\t\t<a ref=\"magnificPopupGrid\" href=\"https:\/\/www.bm-logistik.ch\/wp-content\/uploads\/2023\/04\/DSC_7246bk.jpg\" class=\"w-grid-item-anchor\" aria-label=\"DSC_7246bk\"><\/a>\r\n\t\t\t\t\t\t<div class=\"w-post-elm post_image usg_post_image_1 stretched\"><img loading=\"lazy\" decoding=\"async\" width=\"991\" height=\"660\" src=\"https:\/\/www.bm-logistik.ch\/wp-content\/uploads\/2023\/04\/DSC_7246bk.jpg\" class=\"attachment-large size-large\" alt=\"\" \/><\/div>\t\t<\/div>\r\n\t\t\t<\/article>\r\n\t<article class=\"w-grid-item us_animate_aft off_autostart post-232 attachment type-attachment status-inherit hentry\" data-id=\"232\" style=\"animation-delay:0.8s\">\r\n\t\t<div class=\"w-grid-item-h\">\r\n\t\t\t\t\t\t\t<a ref=\"magnificPopupGrid\" href=\"https:\/\/www.bm-logistik.ch\/wp-content\/uploads\/2023\/04\/DSC_7260bk.jpg\" class=\"w-grid-item-anchor\" aria-label=\"DSC_7260bk\"><\/a>\r\n\t\t\t\t\t\t<div class=\"w-post-elm post_image usg_post_image_1 stretched\"><img loading=\"lazy\" decoding=\"async\" width=\"991\" height=\"660\" src=\"https:\/\/www.bm-logistik.ch\/wp-content\/uploads\/2023\/04\/DSC_7260bk.jpg\" class=\"attachment-large size-large\" alt=\"\" \/><\/div>\t\t<\/div>\r\n\t\t\t<\/article>\r\n\t<article class=\"w-grid-item us_animate_aft off_autostart post-233 attachment type-attachment status-inherit hentry\" data-id=\"233\" style=\"animation-delay:0.9s\">\r\n\t\t<div class=\"w-grid-item-h\">\r\n\t\t\t\t\t\t\t<a ref=\"magnificPopupGrid\" href=\"https:\/\/www.bm-logistik.ch\/wp-content\/uploads\/2023\/04\/DSC_7270bk.jpg\" class=\"w-grid-item-anchor\" aria-label=\"DSC_7270bk\"><\/a>\r\n\t\t\t\t\t\t<div class=\"w-post-elm post_image usg_post_image_1 stretched\"><img loading=\"lazy\" decoding=\"async\" width=\"991\" height=\"660\" src=\"https:\/\/www.bm-logistik.ch\/wp-content\/uploads\/2023\/04\/DSC_7270bk.jpg\" class=\"attachment-large size-large\" alt=\"\" \/><\/div>\t\t<\/div>\r\n\t\t\t<\/article>\r\n\t<article class=\"w-grid-item us_animate_aft off_autostart post-234 attachment type-attachment status-inherit hentry\" data-id=\"234\" style=\"animation-delay:1s\">\r\n\t\t<div class=\"w-grid-item-h\">\r\n\t\t\t\t\t\t\t<a ref=\"magnificPopupGrid\" href=\"https:\/\/www.bm-logistik.ch\/wp-content\/uploads\/2023\/04\/DSC_7273bk.jpg\" class=\"w-grid-item-anchor\" aria-label=\"DSC_7273bk\"><\/a>\r\n\t\t\t\t\t\t<div class=\"w-post-elm post_image usg_post_image_1 stretched\"><img loading=\"lazy\" decoding=\"async\" width=\"991\" height=\"660\" src=\"https:\/\/www.bm-logistik.ch\/wp-content\/uploads\/2023\/04\/DSC_7273bk.jpg\" class=\"attachment-large size-large\" alt=\"\" \/><\/div>\t\t<\/div>\r\n\t\t\t<\/article>\r\n\t<article class=\"w-grid-item us_animate_aft off_autostart post-235 attachment type-attachment status-inherit hentry\" data-id=\"235\" style=\"animation-delay:1.1s\">\r\n\t\t<div class=\"w-grid-item-h\">\r\n\t\t\t\t\t\t\t<a ref=\"magnificPopupGrid\" href=\"https:\/\/www.bm-logistik.ch\/wp-content\/uploads\/2023\/04\/DSC_7295bk.jpg\" class=\"w-grid-item-anchor\" aria-label=\"DSC_7295bk\"><\/a>\r\n\t\t\t\t\t\t<div class=\"w-post-elm post_image usg_post_image_1 stretched\"><img loading=\"lazy\" decoding=\"async\" width=\"991\" height=\"660\" src=\"https:\/\/www.bm-logistik.ch\/wp-content\/uploads\/2023\/04\/DSC_7295bk.jpg\" class=\"attachment-large size-large\" alt=\"\" \/><\/div>\t\t<\/div>\r\n\t\t\t<\/article>\r\n\t<article class=\"w-grid-item us_animate_aft off_autostart post-236 attachment type-attachment status-inherit hentry\" data-id=\"236\" style=\"animation-delay:1.2s\">\r\n\t\t<div class=\"w-grid-item-h\">\r\n\t\t\t\t\t\t\t<a ref=\"magnificPopupGrid\" href=\"https:\/\/www.bm-logistik.ch\/wp-content\/uploads\/2023\/04\/DSC_7299bk.jpg\" class=\"w-grid-item-anchor\" aria-label=\"DSC_7299bk\"><\/a>\r\n\t\t\t\t\t\t<div class=\"w-post-elm post_image usg_post_image_1 stretched\"><img loading=\"lazy\" decoding=\"async\" width=\"991\" height=\"660\" src=\"https:\/\/www.bm-logistik.ch\/wp-content\/uploads\/2023\/04\/DSC_7299bk.jpg\" class=\"attachment-large size-large\" alt=\"\" \/><\/div>\t\t<\/div>\r\n\t\t\t<\/article>\r\n\t<article class=\"w-grid-item us_animate_aft off_autostart post-237 attachment type-attachment status-inherit hentry\" data-id=\"237\" style=\"animation-delay:1.3s\">\r\n\t\t<div class=\"w-grid-item-h\">\r\n\t\t\t\t\t\t\t<a ref=\"magnificPopupGrid\" href=\"https:\/\/www.bm-logistik.ch\/wp-content\/uploads\/2023\/04\/DSC_7316bk-.jpg\" class=\"w-grid-item-anchor\" aria-label=\"DSC_7316bk\"><\/a>\r\n\t\t\t\t\t\t<div class=\"w-post-elm post_image usg_post_image_1 stretched\"><img loading=\"lazy\" decoding=\"async\" width=\"991\" height=\"660\" src=\"https:\/\/www.bm-logistik.ch\/wp-content\/uploads\/2023\/04\/DSC_7316bk-.jpg\" class=\"attachment-large size-large\" alt=\"\" \/><\/div>\t\t<\/div>\r\n\t\t\t<\/article>\r\n\t<article class=\"w-grid-item us_animate_aft off_autostart post-238 attachment type-attachment status-inherit hentry\" data-id=\"238\" style=\"animation-delay:1.4s\">\r\n\t\t<div class=\"w-grid-item-h\">\r\n\t\t\t\t\t\t\t<a ref=\"magnificPopupGrid\" href=\"https:\/\/www.bm-logistik.ch\/wp-content\/uploads\/2023\/04\/DSC_7337bk.jpg\" class=\"w-grid-item-anchor\" aria-label=\"DSC_7337bk\"><\/a>\r\n\t\t\t\t\t\t<div class=\"w-post-elm post_image usg_post_image_1 stretched\"><img loading=\"lazy\" decoding=\"async\" width=\"991\" height=\"660\" src=\"https:\/\/www.bm-logistik.ch\/wp-content\/uploads\/2023\/04\/DSC_7337bk.jpg\" class=\"attachment-large size-large\" alt=\"\" \/><\/div>\t\t<\/div>\r\n\t\t\t<\/article>\r\n<\/div><div class=\"w-grid-preloader\">\t<div class=\"g-preloader type_1\">\r\n\t\t<div><\/div>\r\n\t<\/div>\r\n\t<\/div>\t<div class=\"w-grid-json hidden\" onclick='return {&quot;action&quot;:&quot;us_ajax_grid&quot;,&quot;infinite_scroll&quot;:0,&quot;max_num_pages&quot;:1,&quot;pagination&quot;:&quot;none&quot;,&quot;template_vars&quot;:{&quot;columns&quot;:&quot;5&quot;,&quot;exclude_items&quot;:&quot;none&quot;,&quot;img_size&quot;:&quot;default&quot;,&quot;ignore_items_size&quot;:&quot;1&quot;,&quot;items_layout&quot;:&quot;gallery_default&quot;,&quot;items_offset&quot;:&quot;1&quot;,&quot;load_animation&quot;:&quot;aft&quot;,&quot;overriding_link&quot;:&quot;%7B%22type%22%3A%22popup_image%22%7D&quot;,&quot;post_id&quot;:0,&quot;query_args&quot;:{&quot;post_type&quot;:[&quot;attachment&quot;],&quot;post__in&quot;:[&quot;224&quot;,&quot;225&quot;,&quot;226&quot;,&quot;227&quot;,&quot;228&quot;,&quot;229&quot;,&quot;230&quot;,&quot;231&quot;,&quot;232&quot;,&quot;233&quot;,&quot;234&quot;,&quot;235&quot;,&quot;236&quot;,&quot;237&quot;,&quot;238&quot;],&quot;post_status&quot;:&quot;inherit&quot;,&quot;post_mime_type&quot;:&quot;image&quot;,&quot;posts_per_page&quot;:&quot;25&quot;},&quot;orderby_query_args&quot;:{&quot;orderby&quot;:{&quot;title&quot;:&quot;ASC&quot;},&quot;order&quot;:&quot;ASC&quot;},&quot;type&quot;:&quot;masonry&quot;,&quot;us_grid_post_type&quot;:&quot;attachment&quot;,&quot;us_grid_ajax_index&quot;:1,&quot;us_grid_filter_query_string&quot;:null,&quot;us_grid_index&quot;:1,&quot;page_args&quot;:[]}}'><\/div>\r\n\t<\/div><\/div><\/div><\/div><\/div><\/section><section class=\"l-section wpb_row height_medium\"><div class=\"l-section-h i-cf\"><div class=\"g-cols vc_row via_grid cols_1 laptops-cols_inherit tablets-cols_inherit mobiles-cols_1 valign_top type_default stacking_default\"><div class=\"wpb_column vc_column_container\"><div class=\"vc_column-inner\"><\/div><\/div><\/div><\/div><\/section>\n","protected":false},"excerpt":{"rendered":"","protected":false},"author":1,"featured_media":224,"parent":0,"menu_order":0,"comment_status":"closed","ping_status":"closed","template":"","meta":{"footnotes":""},"class_list":["post-50","page","type-page","status-publish","has-post-thumbnail","hentry"],"_links":{"self":[{"href":"https:\/\/www.bm-logistik.ch\/index.php?rest_route=\/wp\/v2\/pages\/50","targetHints":{"allow":["GET"]}}],"collection":[{"href":"https:\/\/www.bm-logistik.ch\/index.php?rest_route=\/wp\/v2\/pages"}],"about":[{"href":"https:\/\/www.bm-logistik.ch\/index.php?rest_route=\/wp\/v2\/types\/page"}],"author":[{"embeddable":true,"href":"https:\/\/www.bm-logistik.ch\/index.php?rest_route=\/wp\/v2\/users\/1"}],"replies":[{"embeddable":true,"href":"https:\/\/www.bm-logistik.ch\/index.php?rest_route=%2Fwp%2Fv2%2Fcomments&post=50"}],"version-history":[{"count":27,"href":"https:\/\/www.bm-logistik.ch\/index.php?rest_route=\/wp\/v2\/pages\/50\/revisions"}],"predecessor-version":[{"id":617,"href":"https:\/\/www.bm-logistik.ch\/index.php?rest_route=\/wp\/v2\/pages\/50\/revisions\/617"}],"wp:featuredmedia":[{"embeddable":true,"href":"https:\/\/www.bm-logistik.ch\/index.php?rest_route=\/wp\/v2\/media\/224"}],"wp:attachment":[{"href":"https:\/\/www.bm-logistik.ch\/index.php?rest_route=%2Fwp%2Fv2%2Fmedia&parent=50"}],"curies":[{"name":"wp","href":"https:\/\/api.w.org\/{rel}","templated":true}]}}