{"id":457,"date":"2023-07-02T13:48:13","date_gmt":"2023-07-02T11:48:13","guid":{"rendered":"https:\/\/localhost\/wp-bm-logistik824\/?page_id=457"},"modified":"2023-08-19T14:42:56","modified_gmt":"2023-08-19T12:42:56","slug":"hallen-depots-und-bueroraeume-zu-vermieten","status":"publish","type":"page","link":"https:\/\/www.bm-logistik.ch\/?page_id=457","title":{"rendered":"Hallen \/ Depots und B\u00fcror\u00e4ume zu vermieten"},"content":{"rendered":"<section class=\"l-section wpb_row us_custom_04e7aa0a height_medium\"><div class=\"l-section-h i-cf\"><div class=\"g-cols vc_row via_grid cols_1 laptops-cols_inherit tablets-cols_inherit mobiles-cols_1 valign_top type_default stacking_default\"><div class=\"wpb_column vc_column_container\"><div class=\"vc_column-inner\"><h3 class=\"w-post-elm post_title us_custom_9e1ac9dc entry-title color_link_inherit\">Hallen \/ Depots und B\u00fcror\u00e4ume zu vermieten<\/h3><\/div><\/div><\/div><\/div><\/section><section class=\"l-section wpb_row height_medium\"><div class=\"l-section-h i-cf\"><div class=\"g-cols vc_row via_grid cols_3 laptops-cols_inherit tablets-cols_inherit mobiles-cols_1 valign_top type_default stacking_default\"><div class=\"wpb_column vc_column_container\"><div class=\"vc_column-inner\"><div class=\"wpb_text_column\"><div class=\"wpb_wrapper\"><div class=\"sc-pZdvY cBuwhn pf-958a21b3-364a67d3\" data-container=\"true\" data-pf-type=\"Section\">\n<div class=\"sc-pRgDJ fzXWJx\">\n<div class=\"sc-qQxFs jdLQbH pf-958a21b3-eb1b364a pf-r pf-r-eh\" data-pf-type=\"Row\">\n<div class=\"sc-pbJYR gsdIuB pf-c pf-c-xs--12 pf-c-sm--12 pf-c-md--12 pf-c-lg--12\">\n<div class=\"sc-pkfPC iDckyw pf-958a21b3-89beeb1b\" data-pf-type=\"Column\">\n<div class=\"sc-pQfvp hBInHv pf-958a21b3-cf3689be\" data-pf-type=\"CustomHTML\">\n<p>Wir vermieten zwei Hallen mit je 175m2 Fl\u00e4che oder eine Halle mit 350m2 Fl\u00e4che. Die Hallen sind ca. 20.30 Meter lang, 8.60 Meter breit und 7 Meter hoch. Die Hallen verf\u00fcgen \u00fcber ein Rolltor mit den Massen 4.50 Meter x 4.50 Meter und \u00fcber je 2 Notausg\u00e4nge.<\/p>\n<p>Auf Wunsch besteht die M\u00f6glichkeit, die Hallen mit einer Etage f\u00fcr Lagerungen oder B\u00fcros und Aufenthaltsr\u00e4ume aus zu statten. Sanit\u00e4ranlagen werden auf Ihren individuellen Wunsch eingerichtet.<\/p>\n<p>Zus\u00e4tzlich besteht die M\u00f6glichkeit zur Anmietung eines weiteren B\u00fcroraums mit 17m2 im Hauptgeb\u00e4ude der BM&amp;MB-Logistik GmbH.<\/p>\n<\/div>\n<\/div>\n<\/div>\n<\/div>\n<\/div>\n<\/div>\n<\/div><\/div><\/div><\/div><div class=\"wpb_column vc_column_container\"><div class=\"vc_column-inner\"><div class=\"w-image align_none\"><div target=\"_blank\" class=\"w-image-h\"><img decoding=\"async\" width=\"199\" height=\"350\" src=\"https:\/\/www.bm-logistik.ch\/wp-content\/uploads\/2023\/07\/Halle-mieten_h350.png\" class=\"attachment-large size-large\" alt=\"\" loading=\"lazy\" \/><\/div><\/div><div class=\"wpb_text_column us_custom_cfada43f has_text_color\"><div class=\"wpb_wrapper\"><p>Bild anklicken!<\/p>\n<\/div><\/div><\/div><\/div><div class=\"wpb_column vc_column_container\"><div class=\"vc_column-inner\"><\/div><\/div><\/div><\/div><\/section>\n","protected":false},"excerpt":{"rendered":"Hallen \/ Depots und B\u00fcror\u00e4ume zu vermieten Wir vermieten zwei Hallen mit je 175m2 Fl\u00e4che oder eine Halle mit 350m2 Fl\u00e4che. Die Hallen sind ca. 20.30 Meter lang, 8.60 Meter breit und 7 Meter hoch. Die Hallen verf\u00fcgen \u00fcber ein Rolltor mit den Massen 4.50 Meter x 4.50 Meter und \u00fcber je 2 Notausg\u00e4nge. Auf...","protected":false},"author":1,"featured_media":0,"parent":0,"menu_order":0,"comment_status":"closed","ping_status":"closed","template":"","meta":{"footnotes":""},"class_list":["post-457","page","type-page","status-publish","hentry"],"_links":{"self":[{"href":"https:\/\/www.bm-logistik.ch\/index.php?rest_route=\/wp\/v2\/pages\/457","targetHints":{"allow":["GET"]}}],"collection":[{"href":"https:\/\/www.bm-logistik.ch\/index.php?rest_route=\/wp\/v2\/pages"}],"about":[{"href":"https:\/\/www.bm-logistik.ch\/index.php?rest_route=\/wp\/v2\/types\/page"}],"author":[{"embeddable":true,"href":"https:\/\/www.bm-logistik.ch\/index.php?rest_route=\/wp\/v2\/users\/1"}],"replies":[{"embeddable":true,"href":"https:\/\/www.bm-logistik.ch\/index.php?rest_route=%2Fwp%2Fv2%2Fcomments&post=457"}],"version-history":[{"count":4,"href":"https:\/\/www.bm-logistik.ch\/index.php?rest_route=\/wp\/v2\/pages\/457\/revisions"}],"predecessor-version":[{"id":465,"href":"https:\/\/www.bm-logistik.ch\/index.php?rest_route=\/wp\/v2\/pages\/457\/revisions\/465"}],"wp:attachment":[{"href":"https:\/\/www.bm-logistik.ch\/index.php?rest_route=%2Fwp%2Fv2%2Fmedia&parent=457"}],"curies":[{"name":"wp","href":"https:\/\/api.w.org\/{rel}","templated":true}]}}